[INFO] fetching crate openalgebra 0.0.1...
[INFO] checking openalgebra-0.0.1 against master#cfbc6d4cf1acbac5c025acf8ed68929caa551df3 for pr-75494-beta
[INFO] extracting crate openalgebra 0.0.1 into /workspace/builds/worker-4/source
[INFO] validating manifest of crates.io crate openalgebra 0.0.1 on toolchain cfbc6d4cf1acbac5c025acf8ed68929caa551df3
[INFO] running `Command { std: "/workspace/cargo-home/bin/cargo" "+cfbc6d4cf1acbac5c025acf8ed68929caa551df3" "read-manifest" "--manifest-path" "Cargo.toml", kill_on_drop: false }`
[INFO] started tweaking crates.io crate openalgebra 0.0.1
[INFO] finished tweaking crates.io crate openalgebra 0.0.1
[INFO] tweaked toml for crates.io crate openalgebra 0.0.1 written to /workspace/builds/worker-4/source/Cargo.toml
[INFO] running `Command { std: "/workspace/cargo-home/bin/cargo" "+cfbc6d4cf1acbac5c025acf8ed68929caa551df3" "generate-lockfile" "--manifest-path" "Cargo.toml" "-Zno-index-update", kill_on_drop: false }`
[INFO] running `Command { std: "/workspace/cargo-home/bin/cargo" "+cfbc6d4cf1acbac5c025acf8ed68929caa551df3" "fetch" "--locked" "--manifest-path" "Cargo.toml", kill_on_drop: false }`
[INFO] [stderr]  Downloading crates ...
[INFO] [stderr]   Downloaded arrayfire v3.7.0
[INFO] running `Command { std: "docker" "create" "-v" "/var/lib/crater-agent-workspace/builds/worker-4/target:/opt/rustwide/target:rw,Z" "-v" "/var/lib/crater-agent-workspace/builds/worker-4/source:/opt/rustwide/workdir:ro,Z" "-v" "/var/lib/crater-agent-workspace/cargo-home:/opt/rustwide/cargo-home:ro,Z" "-v" "/var/lib/crater-agent-workspace/rustup-home:/opt/rustwide/rustup-home:ro,Z" "-e" "SOURCE_DIR=/opt/rustwide/workdir" "-e" "CARGO_TARGET_DIR=/opt/rustwide/target" "-e" "CARGO_HOME=/opt/rustwide/cargo-home" "-e" "RUSTUP_HOME=/opt/rustwide/rustup-home" "-w" "/opt/rustwide/workdir" "-m" "1610612736" "--user" "0:0" "--network" "none" "rustops/crates-build-env@sha256:a636fd89d022f18117e1dc8fb37a0a009933cdbbe082814857f0e2024962d47c" "/opt/rustwide/cargo-home/bin/cargo" "+cfbc6d4cf1acbac5c025acf8ed68929caa551df3" "metadata" "--no-deps" "--format-version=1", kill_on_drop: false }`
[INFO] [stdout] 2f3caa06dd2e9ef32b574b225cafce782cde258abdd489279c5be17e6a878dca
[INFO] [stderr] WARNING: Your kernel does not support swap limit capabilities or the cgroup is not mounted. Memory limited without swap.
[INFO] running `Command { std: "docker" "start" "-a" "2f3caa06dd2e9ef32b574b225cafce782cde258abdd489279c5be17e6a878dca", kill_on_drop: false }`
[INFO] running `Command { std: "docker" "inspect" "2f3caa06dd2e9ef32b574b225cafce782cde258abdd489279c5be17e6a878dca", kill_on_drop: false }`
[INFO] running `Command { std: "docker" "rm" "-f" "2f3caa06dd2e9ef32b574b225cafce782cde258abdd489279c5be17e6a878dca", kill_on_drop: false }`
[INFO] [stdout] 2f3caa06dd2e9ef32b574b225cafce782cde258abdd489279c5be17e6a878dca
[INFO] running `Command { std: "docker" "create" "-v" "/var/lib/crater-agent-workspace/builds/worker-4/target:/opt/rustwide/target:rw,Z" "-v" "/var/lib/crater-agent-workspace/builds/worker-4/source:/opt/rustwide/workdir:ro,Z" "-v" "/var/lib/crater-agent-workspace/cargo-home:/opt/rustwide/cargo-home:ro,Z" "-v" "/var/lib/crater-agent-workspace/rustup-home:/opt/rustwide/rustup-home:ro,Z" "-e" "SOURCE_DIR=/opt/rustwide/workdir" "-e" "CARGO_TARGET_DIR=/opt/rustwide/target" "-e" "CARGO_INCREMENTAL=0" "-e" "RUST_BACKTRACE=full" "-e" "RUSTFLAGS=--cap-lints=forbid" "-e" "CARGO_HOME=/opt/rustwide/cargo-home" "-e" "RUSTUP_HOME=/opt/rustwide/rustup-home" "-w" "/opt/rustwide/workdir" "-m" "1610612736" "--user" "0:0" "--network" "none" "rustops/crates-build-env@sha256:a636fd89d022f18117e1dc8fb37a0a009933cdbbe082814857f0e2024962d47c" "/opt/rustwide/cargo-home/bin/cargo" "+cfbc6d4cf1acbac5c025acf8ed68929caa551df3" "check" "--frozen" "--all" "--all-targets" "--message-format=json", kill_on_drop: false }`
[INFO] [stderr] WARNING: Your kernel does not support swap limit capabilities or the cgroup is not mounted. Memory limited without swap.
[INFO] [stdout] 162c81b24cb95b9e7829ac6eb13227ebd18524566d75b1bcd002bb2f20aeeb1e
[INFO] running `Command { std: "docker" "start" "-a" "162c81b24cb95b9e7829ac6eb13227ebd18524566d75b1bcd002bb2f20aeeb1e", kill_on_drop: false }`
[INFO] [stderr]    Compiling autocfg v1.0.1
[INFO] [stderr]    Compiling syn v1.0.39
[INFO] [stderr]    Compiling semver-parser v0.7.0
[INFO] [stderr]    Compiling itoa v0.4.6
[INFO] [stderr]     Checking half v1.6.0
[INFO] [stderr]    Compiling ryu v1.0.5
[INFO] [stderr]    Compiling serde v1.0.115
[INFO] [stderr]    Compiling semver v0.9.0
[INFO] [stderr]    Compiling num-traits v0.2.12
[INFO] [stderr]    Compiling num-integer v0.1.43
[INFO] [stderr]    Compiling num-bigint v0.2.6
[INFO] [stderr]    Compiling num-rational v0.2.4
[INFO] [stderr]    Compiling num-iter v0.1.41
[INFO] [stderr]    Compiling num-complex v0.2.4
[INFO] [stderr]    Compiling rustc_version v0.2.3
[INFO] [stderr]     Checking num v0.2.1
[INFO] [stderr]    Compiling serde_derive v1.0.115
[INFO] [stderr]    Compiling serde_json v1.0.57
[INFO] [stderr]    Compiling arrayfire v3.7.0
[INFO] [stderr]     Checking openalgebra v0.0.1 (/opt/rustwide/workdir)
[INFO] [stdout] warning: unused import: `Iter`
[INFO] [stdout]  --> src/matrix/impl_ops.rs:7:20
[INFO] [stdout]   |
[INFO] [stdout] 7 | use ::std::slice::{Iter};
[INFO] [stdout]   |                    ^^^^
[INFO] [stdout]   |
[INFO] [stdout]   = note: `#[warn(unused_imports)]` on by default
[INFO] [stdout] 
[INFO] [stdout] 
[INFO] [stdout] error[E0107]: wrong number of type arguments: expected 1, found 0
[INFO] [stdout]    --> src/vector/impl_ops.rs:156:11
[INFO] [stdout]     |
[INFO] [stdout] 156 | impl From<af::Array> for Vector {
[INFO] [stdout]     |           ^^^^^^^^^ expected 1 type argument
[INFO] [stdout] 
[INFO] [stdout] 
[INFO] [stdout] error[E0107]: wrong number of type arguments: expected 1, found 0
[INFO] [stdout]    --> src/matrix/impl_ops.rs:390:11
[INFO] [stdout]     |
[INFO] [stdout] 390 | impl From<af::Array> for Matrix {
[INFO] [stdout]     |           ^^^^^^^^^ expected 1 type argument
[INFO] [stdout] 
[INFO] [stdout] 
[INFO] [stdout] error[E0107]: wrong number of type arguments: expected 1, found 0
[INFO] [stdout]   --> src/vector/mod.rs:10:14
[INFO] [stdout]    |
[INFO] [stdout] 10 |     backend: af::Array,
[INFO] [stdout]    |              ^^^^^^^^^ expected 1 type argument
[INFO] [stdout] 
[INFO] [stdout] 
[INFO] [stdout] error[E0107]: wrong number of type arguments: expected 1, found 0
[INFO] [stdout]   --> src/matrix/mod.rs:17:14
[INFO] [stdout]    |
[INFO] [stdout] 17 |     backend: af::Array,
[INFO] [stdout]    |              ^^^^^^^^^ expected 1 type argument
[INFO] [stdout] 
[INFO] [stdout] 
[INFO] [stdout] error[E0107]: wrong number of type arguments: expected 1, found 0
[INFO] [stdout]    --> src/vector/impl_ops.rs:157:20
[INFO] [stdout]     |
[INFO] [stdout] 157 |     fn from(array: af::Array) -> Vector {
[INFO] [stdout]     |                    ^^^^^^^^^ expected 1 type argument
[INFO] [stdout] 
[INFO] [stdout] 
[INFO] [stdout] error[E0107]: wrong number of type arguments: expected 1, found 0
[INFO] [stdout]    --> src/matrix/impl_ops.rs:391:20
[INFO] [stdout]     |
[INFO] [stdout] 391 |     fn from(array: af::Array) -> Matrix {
[INFO] [stdout]     |                    ^^^^^^^^^ expected 1 type argument
[INFO] [stdout] 
[INFO] [stdout] 
[INFO] [stdout] error: aborting due to 6 previous errors; 1 warning emitted
[INFO] [stdout] 
[INFO] [stdout] 
[INFO] [stdout] For more information about this error, try `rustc --explain E0107`.
[INFO] [stdout] 
[INFO] [stdout] warning: unused import: `Iter`
[INFO] [stdout]  --> src/matrix/impl_ops.rs:7:20
[INFO] [stdout]   |
[INFO] [stdout] 7 | use ::std::slice::{Iter};
[INFO] [stdout]   |                    ^^^^
[INFO] [stdout]   |
[INFO] [stdout]   = note: `#[warn(unused_imports)]` on by default
[INFO] [stdout] 
[INFO] [stdout] 
[INFO] [stdout] warning: unused import: `vector::Vector`
[INFO] [stdout]  --> src/tests.rs:1:5
[INFO] [stdout]   |
[INFO] [stdout] 1 | use vector::Vector;
[INFO] [stdout]   |     ^^^^^^^^^^^^^^
[INFO] [stdout] 
[INFO] [stdout] 
[INFO] [stdout] warning: unused import: `norm::Norm`
[INFO] [stdout]  --> src/tests.rs:2:5
[INFO] [stdout]   |
[INFO] [stdout] 2 | use norm::Norm;
[INFO] [stdout]   |     ^^^^^^^^^^
[INFO] [stdout] 
[INFO] [stdout] 
[INFO] [stderr] error: could not compile `openalgebra`.
[INFO] [stderr] 
[INFO] [stderr] To learn more, run the command again with --verbose.
[INFO] [stderr] warning: build failed, waiting for other jobs to finish...
[INFO] [stdout] error[E0107]: wrong number of type arguments: expected 1, found 0
[INFO] [stdout]    --> src/vector/impl_ops.rs:156:11
[INFO] [stdout]     |
[INFO] [stdout] 156 | impl From<af::Array> for Vector {
[INFO] [stdout]     |           ^^^^^^^^^ expected 1 type argument
[INFO] [stdout] 
[INFO] [stdout] 
[INFO] [stdout] error[E0107]: wrong number of type arguments: expected 1, found 0
[INFO] [stdout]    --> src/matrix/impl_ops.rs:390:11
[INFO] [stdout]     |
[INFO] [stdout] 390 | impl From<af::Array> for Matrix {
[INFO] [stdout]     |           ^^^^^^^^^ expected 1 type argument
[INFO] [stdout] 
[INFO] [stdout] 
[INFO] [stdout] error[E0107]: wrong number of type arguments: expected 1, found 0
[INFO] [stdout]   --> src/vector/mod.rs:10:14
[INFO] [stdout]    |
[INFO] [stdout] 10 |     backend: af::Array,
[INFO] [stdout]    |              ^^^^^^^^^ expected 1 type argument
[INFO] [stdout] 
[INFO] [stdout] 
[INFO] [stdout] error[E0107]: wrong number of type arguments: expected 1, found 0
[INFO] [stdout]   --> src/matrix/mod.rs:17:14
[INFO] [stdout]    |
[INFO] [stdout] 17 |     backend: af::Array,
[INFO] [stdout]    |              ^^^^^^^^^ expected 1 type argument
[INFO] [stdout] 
[INFO] [stdout] 
[INFO] [stdout] error[E0107]: wrong number of type arguments: expected 1, found 0
[INFO] [stdout]    --> src/vector/impl_ops.rs:157:20
[INFO] [stdout]     |
[INFO] [stdout] 157 |     fn from(array: af::Array) -> Vector {
[INFO] [stdout]     |                    ^^^^^^^^^ expected 1 type argument
[INFO] [stdout] 
[INFO] [stdout] 
[INFO] [stdout] error[E0107]: wrong number of type arguments: expected 1, found 0
[INFO] [stdout]    --> src/matrix/impl_ops.rs:391:20
[INFO] [stdout]     |
[INFO] [stdout] 391 |     fn from(array: af::Array) -> Matrix {
[INFO] [stdout]     |                    ^^^^^^^^^ expected 1 type argument
[INFO] [stdout] 
[INFO] [stdout] 
[INFO] [stdout] error: aborting due to 6 previous errors; 3 warnings emitted
[INFO] [stdout] 
[INFO] [stdout] 
[INFO] [stdout] For more information about this error, try `rustc --explain E0107`.
[INFO] [stdout] 
[INFO] [stderr] error: build failed
[INFO] running `Command { std: "docker" "inspect" "162c81b24cb95b9e7829ac6eb13227ebd18524566d75b1bcd002bb2f20aeeb1e", kill_on_drop: false }`
[INFO] running `Command { std: "docker" "rm" "-f" "162c81b24cb95b9e7829ac6eb13227ebd18524566d75b1bcd002bb2f20aeeb1e", kill_on_drop: false }`
[INFO] [stdout] 162c81b24cb95b9e7829ac6eb13227ebd18524566d75b1bcd002bb2f20aeeb1e
